[INFO] cloning repository https://github.com/bruno-sm/mupdf-sys
[INFO] running `Command { std: "git" "-c" "credential.helper=" "-c" "credential.helper=/workspace/cargo-home/bin/git-credential-null" "clone" "--bare" "https://github.com/bruno-sm/mupdf-sys" "/workspace/cache/git-repos/https%3A%2F%2Fgithub.com%2Fbruno-sm%2Fmupdf-sys", kill_on_drop: false }`
[INFO] [stderr] Cloning into bare repository '/workspace/cache/git-repos/https%3A%2F%2Fgithub.com%2Fbruno-sm%2Fmupdf-sys'...
[INFO] running `Command { std: "git" "rev-parse" "HEAD", kill_on_drop: false }`
[INFO] [stdout] 48e21793f5a3ab68dc49993ec8761136f5d51e9b
[INFO] checking bruno-sm/mupdf-sys against master#cfbc6d4cf1acbac5c025acf8ed68929caa551df3 for pr-75494-beta
[INFO] running `Command { std: "git" "clone" "/workspace/cache/git-repos/https%3A%2F%2Fgithub.com%2Fbruno-sm%2Fmupdf-sys" "/workspace/builds/worker-7/source", kill_on_drop: false }`
[INFO] [stderr] Cloning into '/workspace/builds/worker-7/source'...
[INFO] [stderr] done.
[INFO] validating manifest of git repo https://github.com/bruno-sm/mupdf-sys on toolchain cfbc6d4cf1acbac5c025acf8ed68929caa551df3
[INFO] running `Command { std: "/workspace/cargo-home/bin/cargo" "+cfbc6d4cf1acbac5c025acf8ed68929caa551df3" "read-manifest" "--manifest-path" "Cargo.toml", kill_on_drop: false }`
[INFO] started tweaking git repo https://github.com/bruno-sm/mupdf-sys
[INFO] finished tweaking git repo https://github.com/bruno-sm/mupdf-sys
[INFO] tweaked toml for git repo https://github.com/bruno-sm/mupdf-sys written to /workspace/builds/worker-7/source/Cargo.toml
[INFO] crate git repo https://github.com/bruno-sm/mupdf-sys already has a lockfile, it will not be regenerated
[INFO] running `Command { std: "/workspace/cargo-home/bin/cargo" "+cfbc6d4cf1acbac5c025acf8ed68929caa551df3" "fetch" "--locked" "--manifest-path" "Cargo.toml", kill_on_drop: false }`
[INFO] running `Command { std: "docker" "create" "-v" "/var/lib/crater-agent-workspace/builds/worker-7/target:/opt/rustwide/target:rw,Z" "-v" "/var/lib/crater-agent-workspace/builds/worker-7/source:/opt/rustwide/workdir:ro,Z" "-v" "/var/lib/crater-agent-workspace/cargo-home:/opt/rustwide/cargo-home:ro,Z" "-v" "/var/lib/crater-agent-workspace/rustup-home:/opt/rustwide/rustup-home:ro,Z" "-e" "SOURCE_DIR=/opt/rustwide/workdir" "-e" "CARGO_TARGET_DIR=/opt/rustwide/target" "-e" "CARGO_HOME=/opt/rustwide/cargo-home" "-e" "RUSTUP_HOME=/opt/rustwide/rustup-home" "-w" "/opt/rustwide/workdir" "-m" "1610612736" "--user" "0:0" "--network" "none" "rustops/crates-build-env@sha256:a636fd89d022f18117e1dc8fb37a0a009933cdbbe082814857f0e2024962d47c" "/opt/rustwide/cargo-home/bin/cargo" "+cfbc6d4cf1acbac5c025acf8ed68929caa551df3" "metadata" "--no-deps" "--format-version=1", kill_on_drop: false }`
[INFO] [stdout] df8db64ad1c21611adbb55e556cd69e7be27c14fa5c983263af6aed514f253d8
[INFO] [stderr] WARNING: Your kernel does not support swap limit capabilities or the cgroup is not mounted. Memory limited without swap.
[INFO] running `Command { std: "docker" "start" "-a" "df8db64ad1c21611adbb55e556cd69e7be27c14fa5c983263af6aed514f253d8", kill_on_drop: false }`
[INFO] running `Command { std: "docker" "inspect" "df8db64ad1c21611adbb55e556cd69e7be27c14fa5c983263af6aed514f253d8", kill_on_drop: false }`
[INFO] running `Command { std: "docker" "rm" "-f" "df8db64ad1c21611adbb55e556cd69e7be27c14fa5c983263af6aed514f253d8", kill_on_drop: false }`
[INFO] [stdout] df8db64ad1c21611adbb55e556cd69e7be27c14fa5c983263af6aed514f253d8
[INFO] running `Command { std: "docker" "create" "-v" "/var/lib/crater-agent-workspace/builds/worker-7/target:/opt/rustwide/target:rw,Z" "-v" "/var/lib/crater-agent-workspace/builds/worker-7/source:/opt/rustwide/workdir:ro,Z" "-v" "/var/lib/crater-agent-workspace/cargo-home:/opt/rustwide/cargo-home:ro,Z" "-v" "/var/lib/crater-agent-workspace/rustup-home:/opt/rustwide/rustup-home:ro,Z" "-e" "SOURCE_DIR=/opt/rustwide/workdir" "-e" "CARGO_TARGET_DIR=/opt/rustwide/target" "-e" "CARGO_INCREMENTAL=0" "-e" "RUST_BACKTRACE=full" "-e" "RUSTFLAGS=--cap-lints=forbid" "-e" "CARGO_HOME=/opt/rustwide/cargo-home" "-e" "RUSTUP_HOME=/opt/rustwide/rustup-home" "-w" "/opt/rustwide/workdir" "-m" "1610612736" "--user" "0:0" "--network" "none" "rustops/crates-build-env@sha256:a636fd89d022f18117e1dc8fb37a0a009933cdbbe082814857f0e2024962d47c" "/opt/rustwide/cargo-home/bin/cargo" "+cfbc6d4cf1acbac5c025acf8ed68929caa551df3" "check" "--frozen" "--all" "--all-targets" "--message-format=json", kill_on_drop: false }`
[INFO] [stderr] WARNING: Your kernel does not support swap limit capabilities or the cgroup is not mounted. Memory limited without swap.
[INFO] [stdout] ddb1b3170ab3327b385f2897281b40e151974208d8c0d0fe49d4d47348e513e3
[INFO] running `Command { std: "docker" "start" "-a" "ddb1b3170ab3327b385f2897281b40e151974208d8c0d0fe49d4d47348e513e3", kill_on_drop: false }`
[INFO] [stderr]    Compiling cc v1.0.17
[INFO] [stderr]    Compiling ucd-util v0.1.1
[INFO] [stderr]    Compiling lazy_static v1.0.1
[INFO] [stderr]    Compiling regex v1.0.1
[INFO] [stderr]    Compiling unicode-xid v0.1.0
[INFO] [stderr]    Compiling utf8-ranges v1.0.0
[INFO] [stderr]    Compiling termcolor v0.3.6
[INFO] [stderr]    Compiling bindgen v0.37.4
[INFO] [stderr]    Compiling strsim v0.7.0
[INFO] [stderr]    Compiling bitflags v1.0.3
[INFO] [stderr]    Compiling memchr v2.0.1
[INFO] [stderr]    Compiling atty v0.2.10
[INFO] [stderr]    Compiling memchr v1.0.2
[INFO] [stderr]    Compiling which v1.0.5
[INFO] [stderr]    Compiling log v0.4.3
[INFO] [stderr]    Compiling humantime v1.1.1
[INFO] [stderr]    Compiling clang-sys v0.23.0
[INFO] [stderr]    Compiling textwrap v0.10.0
[INFO] [stderr]    Compiling proc-macro2 v0.3.5
[INFO] [stderr]    Compiling nom v3.2.1
[INFO] [stderr]    Compiling aho-corasick v0.6.5
[INFO] [stderr]    Compiling thread_local v0.3.5
[INFO] [stderr]    Compiling regex-syntax v0.6.1
[INFO] [stderr]    Compiling clap v2.32.0
[INFO] [stderr]    Compiling quote v0.5.2
[INFO] [stderr]    Compiling libloading v0.5.0
[INFO] [stderr]    Compiling cexpr v0.2.3
[INFO] [stderr]    Compiling env_logger v0.5.10
[INFO] [stderr]    Compiling mupdf-sys v0.1.0 (/opt/rustwide/workdir)
[INFO] [stderr] error: failed to run custom build command for `mupdf-sys v0.1.0 (/opt/rustwide/workdir)`
[INFO] [stderr] 
[INFO] [stderr] Caused by:
[INFO] [stderr]   process didn't exit successfully: `/opt/rustwide/target/debug/build/mupdf-sys-72412480975b4100/build-script-build` (exit code: 101)
[INFO] [stderr]   --- stdout
[INFO] [stderr]   cargo:rustc-link-lib=static=mupdf
[INFO] [stderr]   cargo:rustc-link-lib=static=mupdf-third
[INFO] [stderr]   cargo:rustc-link-lib=static=mupdf-threads
[INFO] [stderr]   cargo:rustc-link-search=native=mupdf/build/release
[INFO] [stderr] 
[INFO] [stderr]   --- stderr
[INFO] [stderr]   fatal: could not create work tree dir 'mupdf': Read-only file system
[INFO] [stderr]   make: *** mupdf: No such file or directory.  Stop.
[INFO] [stderr]   wrapper.h:1:10: fatal error: 'mupdf/pdf.h' file not found
[INFO] [stderr]   wrapper.h:1:10: fatal error: 'mupdf/pdf.h' file not found, err: true
[INFO] [stderr]   thread 'main' panicked at 'Unable to generate bindings: ()', build.rs:32:38
[INFO] [stderr]   stack backtrace:
[INFO] [stderr]      0:     0x55ba77490905 - backtrace::backtrace::libunwind::trace::h5e2646fa3eddf2ea
[INFO] [stderr]                                  at /cargo/registry/src/github.com-1ecc6299db9ec823/backtrace-0.3.46/src/backtrace/libunwind.rs:86
[INFO] [stderr]      1:     0x55ba77490905 - backtrace::backtrace::trace_unsynchronized::hb95dd7f77ce47877
[INFO] [stderr]                                  at /cargo/registry/src/github.com-1ecc6299db9ec823/backtrace-0.3.46/src/backtrace/mod.rs:66
[INFO] [stderr]      2:     0x55ba77490905 - std::sys_common::backtrace::_print_fmt::h5e71b67af43fd70d
[INFO] [stderr]                                  at src/libstd/sys_common/backtrace.rs:78
[INFO] [stderr]      3:     0x55ba77490905 - <std::sys_common::backtrace::_print::DisplayBacktrace as core::fmt::Display>::fmt::hdb4a83d2b61107e5
[INFO] [stderr]                                  at src/libstd/sys_common/backtrace.rs:59
[INFO] [stderr]      4:     0x55ba774ba5cc - core::fmt::write::ha20e7262fa3e8a7a
[INFO] [stderr]                                  at src/libcore/fmt/mod.rs:1076
[INFO] [stderr]      5:     0x55ba7748d0c2 - std::io::Write::write_fmt::h1aebfe8a5a79e36d
[INFO] [stderr]                                  at src/libstd/io/mod.rs:1537
[INFO] [stderr]      6:     0x55ba77493030 - std::sys_common::backtrace::_print::h9c07314cc66ba539
[INFO] [stderr]                                  at src/libstd/sys_common/backtrace.rs:62
[INFO] [stderr]      7:     0x55ba77493030 - std::sys_common::backtrace::print::hd1fd65f49a2d8544
[INFO] [stderr]                                  at src/libstd/sys_common/backtrace.rs:49
[INFO] [stderr]      8:     0x55ba77493030 - std::panicking::default_hook::{{closure}}::h222da46485ab36fc
[INFO] [stderr]                                  at src/libstd/panicking.rs:198
[INFO] [stderr]      9:     0x55ba77492d7c - std::panicking::default_hook::hc5868949d129ed00
[INFO] [stderr]                                  at src/libstd/panicking.rs:217
[INFO] [stderr]     10:     0x55ba77493673 - std::panicking::rust_panic_with_hook::h26a6ab8b0993c0c8
[INFO] [stderr]                                  at src/libstd/panicking.rs:526
[INFO] [stderr]     11:     0x55ba7749326b - rust_begin_unwind
[INFO] [stderr]                                  at src/libstd/panicking.rs:437
[INFO] [stderr]     12:     0x55ba774b8c81 - core::panicking::panic_fmt::h17139c2000299725
[INFO] [stderr]                                  at src/libcore/panicking.rs:85
[INFO] [stderr]     13:     0x55ba774b8aa3 - core::option::expect_none_failed::h972f96abb4ec8952
[INFO] [stderr]                                  at src/libcore/option.rs:1269
[INFO] [stderr]     14:     0x55ba76fa649e - core::result::Result<T,E>::expect::h7b2fe4cede0d9d81
[INFO] [stderr]                                  at /rustc/cfbc6d4cf1acbac5c025acf8ed68929caa551df3/src/libcore/result.rs:963
[INFO] [stderr]     15:     0x55ba76fa4c13 - build_script_build::main::hc59b00dbe0ed55f0
[INFO] [stderr]                                  at /opt/rustwide/workdir/build.rs:29
[INFO] [stderr]     16:     0x55ba76fa675b - std::rt::lang_start::{{closure}}::h4e05a9e892e97ba6
[INFO] [stderr]                                  at /rustc/cfbc6d4cf1acbac5c025acf8ed68929caa551df3/src/libstd/rt.rs:67
[INFO] [stderr]     17:     0x55ba77493a43 - std::rt::lang_start_internal::{{closure}}::h84a998219831fa70
[INFO] [stderr]                                  at src/libstd/rt.rs:52
[INFO] [stderr]     18:     0x55ba77493a43 - std::panicking::try::do_call::he8e1d689a3e26def
[INFO] [stderr]                                  at src/libstd/panicking.rs:348
[INFO] [stderr]     19:     0x55ba77493a43 - std::panicking::try::h264b6eebc2fa7bbf
[INFO] [stderr]                                  at src/libstd/panicking.rs:325
[INFO] [stderr]     20:     0x55ba77493a43 - std::panic::catch_unwind::hbf28fafa723b2128
[INFO] [stderr]                                  at src/libstd/panic.rs:394
[INFO] [stderr]     21:     0x55ba77493a43 - std::rt::lang_start_internal::he959aa59bc3ec202
[INFO] [stderr]                                  at src/libstd/rt.rs:51
[INFO] [stderr]     22:     0x55ba76fa6737 - std::rt::lang_start::h7cc271628faaed2d
[INFO] [stderr]                                  at /rustc/cfbc6d4cf1acbac5c025acf8ed68929caa551df3/src/libstd/rt.rs:67
[INFO] [stderr]     23:     0x55ba76fa4dea - main
[INFO] [stderr]     24:     0x7fb6f520c0b3 - __libc_start_main
[INFO] [stderr]     25:     0x55ba76fa419e - _start
[INFO] [stderr]     26:                0x0 - <unknown>
[INFO] running `Command { std: "docker" "inspect" "ddb1b3170ab3327b385f2897281b40e151974208d8c0d0fe49d4d47348e513e3", kill_on_drop: false }`
[INFO] running `Command { std: "docker" "rm" "-f" "ddb1b3170ab3327b385f2897281b40e151974208d8c0d0fe49d4d47348e513e3", kill_on_drop: false }`
[INFO] [stdout] ddb1b3170ab3327b385f2897281b40e151974208d8c0d0fe49d4d47348e513e3
